Is 72567 a multiple of 9?
True
Is 91 a factor of 1012773?
False
Is 76 a factor of 1017488?
True
Is 165792 a multiple of 471?
True
Is 311 a factor of 143731?
False
Does 9 divide 214708?
False
Is 12 a factor of 8574180?
True
Does 302 divide 5147368?
False
Is 202 a factor of 1735180?
True
Is 387486 a multiple of 33?
True
Is 186 a factor of 436089?
False
Is 76 a factor of 568024?
True
Is 78 a factor of 4112784?
True
Does 69 divide 224664?
True
Is 1537 a factor of 3521907?
False
Is 1831924 a multiple of 908?
False
Is 623 a factor of 675955?
True
Is 64 a factor of 4354752?
True
Does 43 divide 45992?
False
Does 21 divide 56438?
False
Is 252823 a multiple of 4?
False
Is 8378946 a multiple of 23?
True
Is 664146 a multiple of 565?
False
Is 183 a factor of 427305?
True
Is 1358766 a multiple of 551?
True
Is 2279559 a multiple of 162?
False
Is 169 a factor of 1127061?
True
Is 50 a factor of 33801?
False
Is 1679439 a multiple of 224?
False
Is 2135310 a multiple of 654?
True
Is 2676245 a multiple of 209?
True
Does 214 divide 377849?
False
Is 495759 a multiple of 33?
True
Is 11782054 a multiple of 13?
False
Is 16796 a multiple of 19?
True
Is 794 a factor of 1214026?
True
Is 16 a factor of 313680?
True
Is 1699 a factor of 9748862?
True
Does 145 divide 3189572?
False
Is 22608 a multiple of 157?
True
Is 92 a factor of 171988?
False
Is 531590 a multiple of 106?
True
Is 1476032 a multiple of 64?
True
Does 19 divide 2222948?
False
Does 12 divide 248808?
True
Is 21 a factor of 24318?
True
Is 51621 a multiple of 49?
False
Is 468 a factor of 877032?
True
Is 328 a factor of 2329784?
True
Does 72 divide 542088?
True
Is 51881 a multiple of 50?
False
Is 2366780 a multiple of 41?
False
Does 15 divide 109488?
False
Does 855 divide 3540900?
False
Does 3 divide 12936?
True
Does 53 divide 83453?
False
Is 13570 a multiple of 47?
False
Is 2 a factor of 34443?
False
Is 17 a factor of 19870909?
True
Does 4 divide 1098356?
True
Is 3 a factor of 93564?
True
Is 1871 a factor of 1631512?
True
Is 48306 a multiple of 3?
True
Is 234 a factor of 1299651?
False
Is 1316 a factor of 7131404?
True
Does 13 divide 18819931?
True
Is 14 a factor of 84440?
False
Is 77 a factor of 385738?
False
Is 4064328 a multiple of 12?
True
Is 1068 a factor of 237054?
False
Is 35 a factor of 2754889?
False
Does 226 divide 1286024?
False
Does 624 divide 3101303?
False
Is 3162132 a multiple of 12?
True
Is 32705 a multiple of 19?
False
Does 72 divide 546552?
True
Is 2239758 a multiple of 1026?
True
Is 80 a factor of 41920?
True
Is 5674617 a multiple of 951?
True
Is 14736100 a multiple of 1490?
True
Does 6 divide 544922?
False
Is 111329 a multiple of 4?
False
Is 1784690 a multiple of 60?
False
Is 1146272 a multiple of 450?
False
Is 59630 a multiple of 5?
True
Is 294544 a multiple of 4?
True
Is 5 a factor of 150985?
True
Is 406 a factor of 214893?
False
Is 72055 a multiple of 3?
False
Is 6 a factor of 133550?
False
Does 276 divide 88640?
False
Does 85 divide 1356685?
True
Is 56949 a multiple of 41?
True
Is 2248232 a multiple of 110?
False
Does 6 divide 418092?
True
Is 54 a factor of 14157207?
False
Does 19 divide 307135?
True
Is 45225 a multiple of 27?
True
Is 15 a factor of 3074796?
False
Is 9385392 a multiple of 251?
True
Does 287 divide 447859?
False
Is 378884 a multiple of 218?
True
Is 31 a factor of 1151002?
False
Is 145 a factor of 794008?
False
Does 17 divide 8365547?
True
Is 61 a factor of 109779?
False
Is 205 a factor of 7300163?
False
Is 197 a factor of 1993640?
True
Is 51817 a multiple of 8?
False
Is 10 a factor of 1558282?
False
Is 2520746 a multiple of 86?
True
Does 4 divide 36337?
False
Is 6 a factor of 112122?
True
Does 403 divide 508586?
True
Does 1098 divide 4054914?
True
Is 5 a factor of 49250?
True
Is 274 a factor of 551014?
True
Does 380 divide 437169?
False
Is 14 a factor of 1373274?
True
Is 437 a factor of 1206488?
False
Is 4046238 a multiple of 796?
False
Does 62 divide 6864578?
True
Is 763824 a multiple of 48?
True
Does 5 divide 79540?
True
Is 190754 a multiple of 254?
True
Is 254086 a multiple of 167?
False
Is 18241828 a multiple of 517?
True
Is 8906 a multiple of 3?
False
Is 167384 a multiple of 854?
True
Is 115127 a multiple of 18?
False
Is 185542 a multiple of 120?
False
Does 2 divide 8393?
False
Does 407 divide 2834626?
False
Is 542660 a multiple of 332?
False
Is 5 a factor of 1331546?
False
Is 2389296 a multiple of 13?
True
Is 119 a factor of 197064?
True
Does 13 divide 1846?
True
Is 32410529 a multiple of 242?
False
Is 6 a factor of 2079941?
False
Is 2062837 a multiple of 44?
False
Is 173 a factor of 370566?
True
Is 31 a factor of 5562795?
True
Is 6521159 a multiple of 11?
False
Does 106 divide 4770?
True
Is 458528 a multiple of 112?
True
Is 85136 a multiple of 21?
False
Is 219780 a multiple of 33?
True
Is 66 a factor of 150286?
False
Is 624390 a multiple of 530?
False
Is 569 a factor of 253774?
True
Does 436 divide 9862756?
True
Does 329 divide 5169248?
True
Is 430 a factor of 580727?
False
Is 1714900 a multiple of 695?
False
Is 18 a factor of 247284?
True
Does 283 divide 103441?
False
Is 14 a factor of 15544?
False
Does 7 divide 359137?
False
Is 130 a factor of 77870?
True
Does 20 divide 89320?
True
Is 1150 a factor of 4583900?
True
Does 62 divide 274722?
True
Is 183150 a multiple of 45?
True
Is 194 a factor of 201952?
False
Is 41 a factor of 308849?
False
Is 656 a factor of 6087235?
False
Is 3993887 a multiple of 199?
False
Does 56 divide 177184?
True
Is 12444210 a multiple of 74?
True
Is 514 a factor of 39064?
True
Does 82 divide 1792126?
False
Is 6 a factor of 129182?
False
Is 20 a factor of 2788272?
False
Does 176 divide 104818?
False
Is 11 a factor of 276000?
False
Does 600 divide 3364102?
False
Is 259 a factor of 179500?
False
Is 97 a factor of 222493?
False
Is 17 a factor of 146136?
False
Is 34 a factor of 34199?
False
Is 17 a factor of 8416598?
True
Is 64 a factor of 802112?
True
Is 867291 a multiple of 5?
False
Is 44522 a multiple of 13?
False
Is 8 a factor of 271459?
False
Is 17904 a multiple of 5?
False
Is 120 a factor of 313440?
True
Is 158480 a multiple of 7?
True
Is 244223 a multiple of 40?
False
Is 267416 a multiple of 179?
False
Is 24890 a multiple of 10?
True
Is 2880624 a multiple of 41?
False
Is 21 a factor of 76503?
True
Is 4 a factor of 1562366?
False
Does 154 divide 78540?
True
Is 1588170 a multiple of 15?
True
Does 307 divide 5833344?
False
Does 39 divide 54093?
True
Is 109857 a multiple of 143?
False
Is 161535 a multiple of 33?
True
Is 21840 a multiple of 5?
True
Is 509992 a multiple of 7?
True
Is 96 a factor of 123360?
True
Is 50 a factor of 10169497?
False
Is 5 a factor of 46665?
True
Does 4 divide 1571710?
False
Is 59114 a multiple of 139?
False
Is 21 a factor of 6394?
False
Does 6 divide 2248266?
True
Is 12 a factor of 8194524?
True
Is 712962 a multiple of 163?
True
Is 186676 a multiple of 67?
False
Is 4565054 a multiple of 566?
False
Does 133 divide 558044?
False
Is 383112 a multiple of 72?
True
Is 32 a factor of 2182848?
True
Is 387352 a multiple of 56?
True
Does 3 divide 22047?
True
Does 166 divide 368354?
True
Does 25 divide 7393525?
True
Is 19 a factor of 2489417?
False
Is 1965200 a multiple of 77?
False
Is 263666 a multiple of 37?
False
Does 81 divide 3892419?
False
Is 372 a factor of 313705?
False
Is 43948 a multiple of 4?
True
Is 317 a factor of 1409065?
True
Does 12 divide 5346816?
True
Is 1480269 a multiple of 22?
False
Is 58 a factor of 126940?
False
Is 12 a factor of 191732?
False
Is 3456231 a multiple of 1338?
False
Is 8 a factor of 1419355?
False
Is 2639400 a multiple of 200?
True
Does 2 divide 33023?
False
Does 6 divide 440439?
False
Is 715340 a multiple of 506?
False
Is 2918 a multiple of 4?
False
Is 24868544 a multiple of 179?
False
Is 23 a factor of 1643957?
False
Is 3220899 a multiple of 57?
True
Is 2341178 a multiple of 460?
False
Is 72 a factor of 1694880?
True
Is 248019 a multiple of 13?
False
Is 4744015 a multiple of 59?
False
Is 94164 a multiple of 76?
True
Is 452522 a multiple of 7?
True
Does 7 divide 78643?
False
Does 14 divide 156033?
False
Does 15 divide 1003238?
False
Does 155 divide 163526?
False
Is 28 a factor of 351296?
False
Is 81171 a multiple of 34?
False
Is 10603070 a multiple of 13?
False
Is 28 a factor of 1820?
Tru